 be x(2). What is the highest common factor of 15 and h?
15
Suppose a = -33 + 39. Let p(c) = 26*c**2 + 6*c - 14. Let f be p(2). Calculate the highest common factor of a and f.
6
Let r(z) = 7*z**2 + z. Let k be r(1). Let o = 83 - 51. Calculate the greatest common factor of k and o.
8
Let i(h) = -h**3 + 3*h**2 - 2*h. Let o be i(2). Suppose -3*b = -48 - o. Calculate the highest common factor of b and 176.
16
Suppose -5*n - 4*u = -85, 0 = -u - 3*u - 20. Let j be n/14 + (-7)/(-2). Suppose p + 31 + 16 = j*f, -9 = -3*p. Calculate the greatest common factor of 60 and f.
10
Suppose 6 = 2*t - 0. Suppose -t*y = 2 - 8. Let l be (-1)/(y/8)*-12. What is the highest common factor of l and 6?
6
Suppose 4*r + 5*b = 118, 0 = r + 2*r + 5*b - 91. Suppose 4*t - r = t. Calculate the highest common factor of 6 and t.
3
Let q = 16 - 13. Suppose 2*x = -q*x + 25. Suppose a - 60 = -5*s, 0 = 3*a + 2*s + 46 - 187. What is the highest common divisor of a and x?
5
Suppose -6*g = -2*g - 16. Let a = 172 + g. Calculate the highest common divisor of 16 and a.
16
Let c be (-7101)/(-15) - 0 - (-32)/(-80). What is the highest common factor of c and 43?
43
Suppose -2*n + 2*l = -0*l - 82, 0 = 3*n - l - 125. Let b = 62 - n. Let m be (-2)/5 - (-68)/10*3. What is the highest common factor of b and m?
20
Let v(i) = -3*i - 19. Suppose 11*x = 16*x + 40. Let q be v(x). Calculate the greatest common divisor of q and 5.
5
Let s(n) = 11*n + 108. Let t be s(-8). What is the greatest common divisor of t and 70?
10
Let h be -4 + 1 + 3 - -42. Suppose 13 = 4*o - 7. Let i be 36/o - 4/20. Calculate the highest common divisor of h and i.
7
Let z(l) = -9*l + 2. Let x be z(-7). Let n = -55 + 106. Let u = n - 38. What is the greatest common factor of x and u?
13
Suppose 30*u + 20 = 35*u. Let w be 13/3 - 8/(-12). Suppose 7 = w*n - 13. What is the greatest common factor of u and n?
4
Let h(o) = -o**3 + 3*o**2 - o + 3. Let z be h(4). Let a be (-2 - 51/(-6))*-6. Let r = z - a. Calculate the highest common factor of 33 and r.
11
Suppose 200*x = 199*x + 585. What is the greatest common factor of x and 65?
65
Let l = 8 - 2. Let u(m) = -13*m + 16. Let v be u(-3). Let b be 1*-2 + v - (-3)/3. What is the greatest common divisor of b and l?
6
Let r = -67 + 172. Suppose 5*g + 20 = r. What is the greatest common divisor of g and 34?
17
Suppose 4 - 7 = i. Let s be (-5 + -3)*(i - -6)/(-12). What is the highest common divisor of 18 and s?
2
Suppose -5 + 43 = 19*c. What is the greatest common factor of 32 and c?
2
Let a be (5 + -9)*(-2 - 0). Suppose 9 - 265 = -8*k. What is the greatest common factor of k and a?
8
Suppose 8634 = 20*n - 4006. What is the greatest common divisor of n and 79?
79
Let s be (-30)/(-7) - (-8)/(-28). Suppose 0 = -4*r + 8*r - 124. Suppose -s*q + 105 + r = 0. Calculate the highest common factor of q and 136.
34
Suppose t = -2*t. Suppose -2 = 2*b - t, -81 = -5*v - 4*b. Calculate the greatest common factor of 51 and v.
17
Let k = 10 + 6. Let q be 50/(-2) - -2 - -4. Let v = 77 - q. What is the greatest common factor of v and k?
16
Let g(s) = -s - 3. Let p be g(-31). Let h = 38 + -17. What is the highest common divisor of h and p?
7
Let q be ((-18)/(-36))/((-2)/(-4)). Let u be 8/4*2 - q. Suppose 2*f = u*z - 734, -z - 268 = -2*z - 4*f. What is the highest common factor of 31 and z?
31
Let y(z) = z**2 + 7*z + 5. Let w be y(-7). Suppose m - w*m = -16. Let r be (-64)/(-2)*6/m. What is the greatest common factor of r and 120?
24
Suppose 4*b = -3*g - 80, -5*b + b + 3*g = 80. Let u be (-468)/28 + 2/(-7). Let l = u - b. What is the greatest common factor of l and 24?
3
Let h = 180 + -187. Let g = h + 92. Let m be 34 - (-1 - (-2 + 1)). Calculate the greatest common factor of m and g.
17
Let j be (-1)/(2*(-2)/48). Let u = -24 + 31. Suppose -u*s = 7 - 63. Calculate the greatest common divisor of j and s.
4
Let o be (-785)/(-4) + 3 - (-30)/40. Calculate the greatest common divisor of 80 and o.
40
Suppose -5*q = 3*u - 1271, 5*u + 1004 = 4*q + u. What is the highest common divisor of 23 and q?
23
Let j = 71 + -37. Suppose x = 29 + j. Calculate the highest common factor of x and 42.
21
Let z be (24/(-7))/((-17)/476). Calculate the greatest common divisor of 9 and z.
3
Let v be (-11 - -1)*14/(-7). Suppose 3*j - 12 = -0*f + 5*f, -5*f - v = -5*j. Calculate the greatest common factor of 4 and j.
4
Suppose 35 = 32*c - 27*c. Let j(g) = g**3 - 8*g**2 + 9*g - 9. Let k be j(c). What is the highest common divisor of 5 and k?
5
Suppose 0*h = -3*h - 48. Let a(u) = 2*u + 39. Let s be a(h). Let k(w) = -w**3 - w - 2. Let g be k(-3). Calculate the greatest common factor of g and s.
7
Suppose x = 5*y + 81, 40*x - 42*x - 2*y = -186. What is the highest common factor of x and 663?
13
Let u(g) = -6*g - 5. Let t be u(-4). Suppose 5*a = -t - 61. Let p be (-6)/(-15) - a/10. What is the greatest common factor of p and 20?
2
Suppose 2*n = -7*q + 4*q - 11, -n = 5*q + 9. Let h = 2 - 18. Let x be (-196)/h + q/4. What is the greatest common factor of x and 12?
12
Suppose 0 = -y - 9 + 17. Let i be 152/5 - y/20. Suppose 0 = -2*f - i + 174. Calculate the highest common divisor of f and 8.
8
Let q be (64/10)/(-1*6/(-15)). What is the greatest common divisor of 12 and q?
4
Suppose 0 = -4*y - 4 + 24. Suppose -10*v + 5*v - y*z = -305, -3*v + 5*z + 151 = 0. What is the greatest common divisor of 456 and v?
57
Suppose 2*u - u - 8 = 0. Suppose -181 + 325 = 9*h. Let y = h - u. Calculate the highest common factor of y and 12.
4
Let t be (344/(-2))/((-35)/140). What is the highest common factor of t and 86?
86
Suppose 8597 = -49*k + 31872. What is the greatest common divisor of 19 and k?
19
Let w(i) = -i**2 - 5*i - 6. Let a be w(-12). Let r = -52 - a. Calculate the highest common divisor of 114 and r.
38
Suppose 0 = 3*h - h - 1176. Suppose -72 + h = 2*p. Suppose 5*q + 88 - p = 0. Calculate the highest common factor of q and 85.
17
Let r be 51 + 5 + -1 - 6. Suppose -24 = -x - 3. Calculate the greatest common divisor of x and r.
7
Suppose -4*i + 24 = 3*g, -2*g + 28 = 133*i - 129*i. Calculate the highest common divisor of 1242 and i.
9
Suppose 0 = -2*i + 3*u + 19 + 24, -4*u = 2*i - 36. Suppose -22 - i = -7*c. Calculate the greatest common factor of 48 and c.
6
Suppose -2*i + 3*i - 106 = -4*a, 0 = -i - a + 106. Let m = 221 - i. Calculate the greatest common divisor of 46 and m.
23
Let u be (12/(-2))/(136/(-340)). Suppose -2*z = -z - 135. What is the greatest common factor of z and u?
15
Suppose -4*f - 4*c + 68 = 0, 2*f = c + 27 + 22. What is the highest common factor of f and 198?
22
Let u(x) = 4*x + 6. Let g be u(-1). Suppose 0 = -g*p + w + 52 + 33, -3*w = 4*p - 145. Suppose q = -2*q + 48. What is the greatest common factor of p and q?
8
Suppose 106 = 3*k - 4*s, 0 = -5*k - 2*s + 143 + 25. Suppose 13*m = 16*m - 153. What is the greatest common divisor of k and m?
17
Let f be 4/(32/372) + 3/(-2). Suppose 5*t = -2*d + 33, t - f - 24 = -3*d. What is the highest common divisor of 12 and d?
12
Let g be (-24)/(-2) + (-79 - -74). Calculate the greatest common factor of 259 and g.
7
Suppose -10*a = 23*a - 2145. Calculate the greatest common factor of a and 15.
5
Suppose 4*t = -2*c + 24, -3*c = -6*c - 5*t + 31. Suppose -47 = c*o - 333. Calculate the highest common divisor of o and 13.
13
Let u(f) = -6*f - 4 + 9*f + 6*f. Let r = 255 - 253. Let v be u(r). Calculate the highest common factor of 14 and v.
14
Suppose 3*s - 5*s + 462 = 0. What is the highest common divisor of 66 and s?
33
Suppose 2*x - 3*x + 16 = 0. Let w be -2 + 44*1 + -2. Calculate the highest common divisor of x and w.
8
Let i(a) = -3*a**2 + 3*a - 2. Let c be i(-2). Let o = c - -36. Calculate the highest common divisor of 32 and o.
16
Let j be ((-6)/(-4))/(3/(-36)). Let t = j + 46. What is the greatest common factor of 252 and t?
28
Suppose 344 + 706 = 14*o. Calculate the greatest common factor of 600 and o.
75
Suppose -18*s = -3757 - 851. Calculate the highest common factor of s and 12.
4
Let h = 1526 + -1442. What is the greatest common factor of 4116 and h?
84
Let f = 14 + -14. Let v = f + 17. Suppose -5*s + 2*s = -255. Calculate the highest common factor of v and s.
17
Let i(p) = 2*p**2 - 33*p + 57. Let z be i(15). Calculate the highest common divisor of 636 and z.
12
Let f be 2 - 1 - (-6 + 7). Su